2022 (base 13) in base 2?
1010110011011001011001
342350 (base 14) to base 16
1b0ee2
What is 1256168 (base 11) in base 14?
408929
What is 3ad0e (base 15) in base 11?
119742
What is -4033544 (base 7) in base 14?
-c685b
1454421 (base 8) to base 5
101303032
What is 275365 (base 10) in base 14?
724cd
-54527 (base 12) to base 2
-11011001011101111
What is 2126578 (base 9) in base 14?
2195b9
1566512 (base 10) to base 7
16213043
Convert 36c94 (base 13) to base 7.
600334
Convert 1b64a0 (base 12) to base 16.
77238
14a493 (base 11) to base 5
24433021
Convert -5b369 (base 16) to base 4.
-1123031221
Convert 110414014 (base 5) to base 2.
1110101110001010000
1101001011001000110111 (base 2) to base 11
1a49731
What is -36163412 (base 7) in base 12?
-10a9062
Convert 1110311310 (base 4) to base 15.
6ce73
Convert 33013313 (base 4) to base 14.
18807
Convert -2076507 (base 10) to base 6.
-112301243
Convert -410023 (base 11) to base 13.
-1a0b84
What is -100001010001010111 (base 2) in base 3?
-20220221101
Convert 423404020 (base 5) to base 7.
21055345
What is -434002301 (base 5) in base 13?
-50161c
-1000000001000111110100 (base 2) to base 16
-2011f4
Convert -11032334 (base 5) to base 4.
-113123201
-23937b (base 14) to base 9
-2253382
-960594 (base 10) to base 5
-221214334
What is -5633436 (base 8) in base 3?
-2212022000120
What is 10000120222100 (base 3) in base 12?
655469
What is 49992 (base 14) in base 10?
180252
What is 7061590 (base 11) in base 4?
233221200320
What is 28e0d (base 16) in base 8?
507015
20502345 (base 6) to base 16
92519
Convert 2b158 (base 14) to base 11.
73677
Convert 2724423 (base 9) to base 16.
16c680
20022112012 (base 3) to base 5
12434223
1180605 (base 12) to base 16
33e765
-111122044 (base 6) to base 11
-115847a
Convert 1141165 (base 7) to base 12.
6b757
Convert 18a877 (base 13) to base 8.
2301141
13236 (base 10) to base 9
20136
-1104733 (base 12) to base 4
-30113230113
What is 1110202011202 (base 3) in base 8?
2770011
What is -35426a (base 13) in base 7?
-13521444
Convert -13b80 (base 16) to base 2.
-10011101110000000
What is -245661 (base 7) in base 12?
-22246
2021120102111 (base 3) to base 8
4477004
What is 2404430 (base 6) in base 9?
211060
556045 (base 7) to base 6
2034151
Convert -204532 (base 7) to base 2.
-1000100110110110
1001000000111000010100 (base 2) to base 9
4401254
b695 (base 15) to base 14
10103
What is 231202012 (base 4) in base 2?
101101100010000110
Convert 2410340 (base 6) to base 13.
45384
Convert 11404211 (base 5) to base 8.
320466
What is 631408 (base 11) in base 10?
1012052
Convert 9d656 (base 16) to base 2.
10011101011001010110
What is 1260548 (base 12) in base 10?
3608840
1001001111010110111 (base 2) to base 14
7c4ab
1605861 (base 9) to base 8
3312343
What is 53d455 (base 14) in base 2?
1010110101100101000011
Convert -124275 (base 11) to base 10.
-195981
What is 630666 (base 7) in base 9?
174610
Convert -11031130032 (base 4) to base 16.
-14d70e
3027f3 (base 16) to base 10
3155955
-c2c5 (base 13) to base 12
-13667
-63633 (base 13) to base 3
-100002120010
-4669767 (base 10) to base 2
-10001110100000101000111
What is -101213341 (base 5) in base 13?
-116341
Convert -100020010 (base 3) to base 15.
-1ed6
1c78ca4 (base 14) to base 10
14276784
Convert 82ada (base 14) to base 15.
634cd
5637756 (base 10) to base 2
10101100000011001111100
Convert -36c0c (base 16) to base 13.
-7b105
What is -425191a (base 11) in base 3?
-112002020002220
Convert 201101122320 (base 4) to base 13.
1a65011
Convert 11144330 (base 6) to base 4.
1103020332
Convert -323313201 (base 4) to base 5.
-30321332
-1301034034 (base 5) to base 15
-4213e9
-503451 (base 8) to base 3
-22102021001
-82876 (base 9) to base 15
-112e3
Convert -121012022211011 (base 3) to base 4.
-200311202131
629a0 (base 14) to base 2
111010000101000000
293580a (base 12) to base 15
ad9561
What is -11516335 (base 7) in base 16?
-fb6e3
408519 (base 12) to base 2
11110110100011100101
242662 (base 11) to base 6
12122202
What is 2111124 (base 5) in base 11?
24468
-d07b0 (base 14) to base 16
-7a4c6
-10403011 (base 5) to base 4
-112031332
Convert -101110101101110 (base 2) to base 3.
-1012210212
612617 (base 8) to base 10
202127
What is -306653 (base 11) in base 7?
-4116115
Convert 10c2e (base 15) to base 11.
37108
What is d2b7d (base 14) in base 9?
852624
Convert 34143 (base 13) to base 3.
11210220020
-18114 (base 13) to base 11
-31892
22010220102 (base 4) to base 3
11222010221200
38d39 (base 14) to base 12
68a9b
-73273 (base 9) to base 3
-2110022110
1352 (base 11) to base 6
12035
What is -100021120221201 (base 3) in base 16?
-4b431b
Convert 10011011011010110011010 (base 2) to base 13.
109408c
130050640 (base 7) to base 11
4723731
Convert 154310 (base 9) to base 10.
95022
Convert -432552212 (base 6) to base 3.
-112111001220222
Convert 76745 (base 14) to base 5.
33134214
-1917674 (base 10) to base 6
-105034042
-420357 (base 11) to base 6
-22235543
-1446de (base 15) to base 5
-222230214
What is b7cb3 (base 14) in base 12?
195145
What is 94524 (base 10) in base 11?
65021
What is 23513242 (base 6) in base 12?
2b8822
What is 2220001212012 (base 3) in base 2?
101110111001001110101
a524 (base 15) to base 5
2104114
-42041260 (base 7) to base 12
-1228431
Convert -989334 (base 10) to base 16.
-f1896
What is -9d2249 (base 14) in base 4?
-110121013221
-2340255 (base 9) to base 2
-100110101001100110101
Convert -11011211102220 (base 3) to base 7.
-24606540
2013334 (base 5) to base 10
32344
What is -60938 (base 12) in base 6?
-2410112
4032414 (base 5) to base 16
fcde
What is 1d9df4 (base 16) in base 10?
1940980
What is 3433715 (base 8) in base 4?
3203133031
What is -79b986 (base 12) in base 5?
-444330404
25310620 (base 7) to base 10
2288461
What is -2592ab (base 15) in base 8?
-6701155
Convert -255920 (base 10) to base 3.
-111000001112
Convert 1001000001100011100 (base 2) to base 3.
120000122011
-41462 (base 10) to base 7
-231611
120760 (base 8) to base 4
22013300
What is 100ec (base 15) in base 16?
c69f
What is 43c06 (base 13) in base 9?
206481
-16201d9 (base 15) to base 3
-1010012100110220
What is -110000101100110101111 (base 2) in base 16?
-1859af
What is 362b0 (base 13) in base 11?
68705
Convert 3403102 (base 6) to base 11.
108054
100321222100 (base 4) to base 2
10000111001101010010000
2751a (base 12) to base 3
2202111111
Convert -100101000110111101 (base 2) to base 4.
-211012331
23031550 (base 7) to base 11
1151597
What is -11d66 (base 15) in base 2?
-1101111010111101
Convert -540012 (base 10) to base 11.
-3397a0
Convert c22ee (base 15) to base 12.
257a38
Convert 22001121122 (base 3) to base 7.
1230341
What is 145855 (base 11) in base 15?
47533
What is -1121010212 (base 4) in base 11?
-22a121
123901 (base 10) to base 8
361775
-328229 (base 11) to base 12
-212a50
What is 1923790 (base 11) in base 9?
6111314
Convert -104231230 (base 5) to base 10.
-461440
54142 (base 10) to base 7
313564
Convert 102312330230 (base 4) to base 12.
17a4ab8
752567 (base 11) to base 12
4a0852
1079339 (base 10) to base 6
35044535
Convert -2000021210102 (base 3) to base 6.
-34523015
What is -10110010101001010111 (base 2) in base 14?
-15094b
13695d5 (base 14) to base 12
3193547
-11011000010101011110 (base 2) to base 14
-190cd8
Convert -3db07e (base 15) to base 12.
-bb4932
Convert -212103221 (base 4) to base 10.
-156905
Convert 3562a2 (base 11) to base 12.
232962
Convert -84734 (base 16) to base 14.
-1019d2
What is -126903 (base 13) in base 10?
-443121
What is 261210 (base 8) in base 7?
525415
1110100000010010 (base 2) to base 14
17918
What is -5532244 (base 7) in base 10?
-680299
Convert 1214520335 (base 6) to base 7.
226350146
Convert 123424313 (base 5) to base 14.
11b867
-413411134 (base 5) to base 3
-10012102001101
-a464b (base 16) to base 13
-1a7647
1f9a2 (base 16) to base 3
20120120011
15324522 (base 6) to base 8
2037042
Convert 11011010110000011110011 (base 2) to base 12.
2498357
443341021 (base 6) to base 15
a82647
Convert -1202142 (base 6) to base 4.
-33103232
11325c0 (base 14) to base 6
451305100
Convert 40133133 (base 6) to base 13.
3083b8
Convert -212141242 (base 7) to base 5.
-11212142300
What is -132322330033 (base 4) in base 15?
-aa1a7d
Convert 330772 (base 8) to base 4.
123013322
Convert 3486a0 (base 14) to base